
Is 14680070 a multiple of 271?
True
Is 23 a factor of 56959113?
False
Is 1195731511 a multiple of 49?
False
Is 62 a factor of 89573384?
True
Does 50 divide 378898573?
False
Does 183 divide 92012931?
False
Is 29 a factor of 119801030?
True
Is 3516455274 a multiple of 20?
False
Does 293 divide 16462205?
True
Is 156 a factor of 2924308777?
False
Is 59 a factor of 957419325?
False
Is 51 a factor of 34146744?
True
Is 514076634 a multiple of 30?
False
Is 64 a factor of 155509888?
True
Is 84071121 a multiple of 4?
False
Is 573 a factor of 106996863?
True
Is 15773768 a multiple of 155?
False
Does 11079 divide 2034773705?
False
Does 752 divide 163990606?
False
Is 27 a factor of 62412095?
False
Is 38809663 a multiple of 913?
False
Does 192 divide 386219355?
False
Does 155 divide 254779756?
False
Is 440507124 a multiple of 423?
True
Does 12 divide 978718176?
True
Does 13 divide 7196215?
True
Is 22001988 a multiple of 6?
True
Is 1337477784 a multiple of 699?
True
Is 81655520 a multiple of 115?
True
Is 680 a factor of 131420880?
True
Is 75679026 a multiple of 11?
False
Is 2266706984 a multiple of 5073?
False
Is 34536846 a multiple of 34?
False
Is 26 a factor of 42723726?
False
Is 309442653 a multiple of 27?
True
Does 3715 divide 63823700?
True
Is 439 a factor of 41238635?
False
Does 39 divide 34216962?
True
Is 511440787 a multiple of 143?
True
Is 1322675614 a multiple of 1118?
True
Does 270 divide 86020221?
False
Does 14 divide 1924174143?
False
Does 7 divide 7286214?
False
Is 9174184 a multiple of 85?
False
Is 24090740 a multiple of 3316?
True
Is 109 a factor of 157016789?
True
Is 200339360 a multiple of 13?
True
Is 22 a factor of 179261722?
False
Does 90 divide 73724130?
True
Is 36 a factor of 471740436?
True
Is 92242513 a multiple of 127?
True
Does 64 divide 28193454?
False
Does 3 divide 42911514?
True
Does 20 divide 17013040?
True
Does 564 divide 10589490?
False
Is 12 a factor of 435820218?
False
Is 66 a factor of 33128863?
False
Does 30 divide 638952718?
False
Does 11 divide 39519975?
True
Does 39 divide 500077500?
True
Is 274978391 a multiple of 140?
False
Is 55 a factor of 586255890?
True
Is 182 a factor of 257787166?
True
Does 331 divide 2943038174?
True
Is 328212024 a multiple of 406?
True
Is 504870679 a multiple of 19?
True
Is 54 a factor of 218440897?
False
Does 7003 divide 518652663?
False
Does 16 divide 856285680?
True
Is 18 a factor of 13523268?
False
Is 93 a factor of 1191644550?
False
Is 104 a factor of 12527008?
True
Is 9292449 a multiple of 136?
False
Does 115 divide 45541206?
False
Is 236817155 a multiple of 13?
False
Is 35988787 a multiple of 521?
False
Does 29 divide 27481589?
True
Is 56044986 a multiple of 30?
False
Does 33 divide 34882867?
False
Does 588 divide 5310816?
True
Does 6376 divide 785682600?
True
Is 100 a factor of 1464100?
True
Is 9 a factor of 731940705?
True
Is 15674724 a multiple of 18?
True
Does 74 divide 407192517?
False
Does 137 divide 18977103?
True
Is 72 a factor of 1813843677?
False
Is 1023254050 a multiple of 2275?
True
Does 165 divide 7657155?
True
Is 6534558 a multiple of 9?
True
Is 2311 a factor of 3114473842?
False
Is 200 a factor of 682793065?
False
Is 59612818 a multiple of 566?
True
Is 221 a factor of 459580560?
False
Is 126186018 a multiple of 261?
False
Is 16 a factor of 4590096?
True
Is 303800939 a multiple of 3388?
False
Is 248883644 a multiple of 52?
False
Is 6365 a factor of 950430973?
False
Is 2060 a factor of 175326600?
True
Is 387053096 a multiple of 382?
True
Does 545 divide 44500340?
True
Does 142 divide 5744326?
True
Is 385 a factor of 66466609?
False
Is 36853722 a multiple of 1732?
False
Is 1683454 a multiple of 8?
False
Does 14 divide 59529089?
False
Does 12 divide 1338401089?
False
Is 73 a factor of 45170794?
True
Does 3251 divide 281880239?
False
Is 2245 a factor of 2935706241?
False
Does 60 divide 1451422560?
True
Is 22 a factor of 1558832?
True
Does 128 divide 203801856?
True
Is 3819340070 a multiple of 65?
True
Is 1045 a factor of 7594015?
True
Is 1148511294 a multiple of 3843?
True
Does 75 divide 65809847?
False
Is 108 a factor of 12796920?
True
Is 1830 a factor of 2721180720?
True
Does 59 divide 903804?
False
Is 264389670 a multiple of 902?
False
Is 73018209 a multiple of 3?
True
Is 851893636 a multiple of 44?
True
Is 52 a factor of 309961028?
True
Is 32030873 a multiple of 17?
True
Does 22 divide 294381811?
False
Does 32 divide 20221952?
True
Does 400 divide 2360156089?
False
Is 1076083021 a multiple of 377?
False
Does 45 divide 203419926?
False
Is 333222 a multiple of 5?
False
Is 129794032 a multiple of 4?
True
Is 609548933 a multiple of 311?
False
Is 87 a factor of 167508756?
True
Is 4749484652 a multiple of 22?
True
Is 90 a factor of 4590196?
False
Is 2727398 a multiple of 218?
True
Is 100849200 a multiple of 16?
True
Is 1620755562 a multiple of 955?
False
Does 61 divide 36474767?
True
Does 696 divide 228604966?
False
Is 21 a factor of 217827656?
False
Is 51 a factor of 1868154429?
True
Does 190 divide 466223140?
True
Is 708 a factor of 310999746?
False
Does 554 divide 151055566?
False
Does 44 divide 26776068?
True
Does 95 divide 4429945?
True
Is 653657234 a multiple of 41?
False
Is 227532265 a multiple of 86?
False
Is 3 a factor of 4239713?
False
Is 3128 a factor of 2451795216?
True
Is 469 a factor of 38844925?
True
Is 12294669 a multiple of 40?
False
Is 631623368 a multiple of 88?
False
Does 2876 divide 168228744?
True
Is 121867093 a multiple of 144?
False
Is 237 a factor of 17308298?
False
Does 16 divide 62361344?
True
Is 434 a factor of 13071212?
True
Is 1212 a factor of 297350868?
True
Is 82785858 a multiple of 373?
True
Is 6 a factor of 846525721?
False
Does 3780 divide 2051477820?
True
Does 1398 divide 714744820?
False
Does 24 divide 1950421553?
False
Does 16 divide 1053126640?
True
Is 2127766038 a multiple of 20?
False
Is 34947708 a multiple of 109?
False
Does 17 divide 352412686?
True
Is 340434628 a multiple of 326?
True
Is 120246515 a multiple of 631?
True
Is 1714107 a multiple of 52?
False
Does 67 divide 71351114?
True
Is 1643 a factor of 375819553?
False
Is 1891971417 a multiple of 1631?
True
Is 236 a factor of 43423558?
False
Is 3041 a factor of 222917464?
True
Is 3682537579 a multiple of 391?
False
Does 700 divide 1315537300?
True
Is 402079587 a multiple of 381?
True
Is 2003 a factor of 954305314?
True
Is 421 a factor of 18316389?
False
Is 1641615049 a multiple of 29?
False
Is 138617948 a multiple of 929?
True
Is 857371178 a multiple of 182?
False
Is 1635 a factor of 109364590?
False
Is 2019 a factor of 96972570?
True
Does 73 divide 35808179?
True
Is 492 a factor of 42365796?
False
Does 31 divide 73806827?
False
Is 12 a factor of 51801381?
False
Is 67632292 a multiple of 1204?
True
Does 17 divide 276673130?
True
Does 60 divide 630267903?
False
Is 47238602 a multiple of 40?
False
Is 320093480 a multiple of 13?
False
Is 150 a factor of 40501800?
True
Is 709705386 a multiple of 36?
False
Is 6357489 a multiple of 4?
False
Is 302286533 a multiple of 3?
False
Does 828 divide 1372539996?
True
Is 64021318 a multiple of 17?
False
Is 331 a factor of 167877602?
False
Does 126 divide 254431929?
False
Is 634893768 a multiple of 11603?
False
Is 2259428164 a multiple of 1148?
True
Is 96 a factor of 1575360?
True
Is 175 a factor of 30398758?
False
Is 20051640 a multiple of 40?
True
Is 1530 a factor of 398982564?
False
Does 34 divide 338275621?
False
Is 1040 a factor of 5257874960?
True
Is 897 a factor of 310743225?
True
Does 143 divide 8836992?
False
Does 464 divide 88311843?
False
Is 66665655 a multiple of 671?
False
Is 4711998 a multiple of 17?
False
Does 92 divide 88365464?
False
Does 7 divide 15356593?
True
Does 31 divide 972473751?
True
Does 259 divide 15432867?
False
Is 698 a factor of 46358043?
False
Is 73526258 a multiple of 26?
True
Is 166382069 a multiple of 18?
False
Is 814 a factor of 119880682?
False
Does 10 divide 8271681?
False
Is 43676040 a multiple of 694?
False
Is 197 a factor of 525791315?
False
Is 37 a factor of 22688326?
True
Is 150586860 a multiple of 23?
False
Is 3000893006 a multiple of 17?
True
Is 62322008 a multiple of 2246?
True
Is 41584380 a multiple of 397?
False
Is 901 a factor of 632541640?
False
Is 3626 a factor of 645167464?
False
Is 4 a factor